et r be s(4). Let x = r + 70. What is the remainder when d is divided by x?
21
Let w = 59 - 13. What is the remainder when w is divided by 4?
2
Let b = -16 + 27. Let n = -71 + 102. What is the remainder when n is divided by b?
9
Suppose t - 4*t + 48 = 0. What is the remainder when 46 is divided by t?
14
Suppose -4*j + 16 = -8*j, -2*j - 56 = -4*h. Suppose 0 = -5*p + 3*p + h. What is the remainder when 10 is divided by p/9*(6 + 0)?
2
Let a(u) = 4*u**2 - 4*u + 4. What is the remainder when a(3) is divided by 6?
4
Let g(c) = c**3 - 6*c**2 + 9*c - 2. Let y(w) = 18*w**3 - w**2 + 1. Let h = 3 - 2. Calculate the remainder when g(6) is divided by y(h).
16
Let n(d) = d**3 - 16*d**2 + 18*d - 3. Calculate the remainder when n(15) is divided by 15.
12
Let h(n) = n**2 - 2*n - 6. Calculate the remainder when h(-6) is divided by 22.
20
Suppose -2*z - 64 = -3*z. Calculate the remainder when z is divided by 22.
20
Let s(n) = n**3 - 9*n**2 + 10*n + 11. What is the remainder when s(8) is divided by 10?
7
What is the remainder when 12/(-54) - (-958)/18 is divided by 28?
25
Calculate the remainder when 3*1 - 768/(-16) is divided by 27.
24
Let c(y) = -y**3 + 5*y**2 + 3*y - 2. Let b(x) = x**2 + 5*x**2 - 4*x**2 + 2 + 8*x - 3*x. Let k be b(-3). Calculate the remainder when 23 is divided by c(k).
10
Let k be ((-12)/(-8))/((-2)/(-4)). Suppose 3*z + k - 12 = 0. Calculate the remainder when 2 is divided by 1 - 2 - z/(-1).
0
Let y be (-144)/10 + 4/10. Let z = 19 - y. What is the remainder when z is divided by 9?
6
Suppose -2*f = 4*m - 140, -f - m + 2*m = -70. Calculate the remainder when f is divided by 18.
16
Suppose 6*c - c - 60 = -5*v, -3*v = -4*c + 34. Suppose -2*u + c = -2. Calculate the remainder when 10 is divided by u.
4
Suppose -6 = -2*g + y - 2*y, -5*y = -g - 8. Let i be (-2)/8 + (-377)/(-52). Let k = -5 + i. Calculate the remainder when k is divided by g.
0
Let t = 111 - 41. Calculate the remainder when t is divided by 24.
22
Let z(u) = u**3 + 4*u**2 - 8*u - 3. Let n = 95 - 61. What is the remainder when n is divided by z(-5)?
10
Suppose r - 5*w = 79, -2*w - w + 3 = 0. Suppose -r = -4*a + 16. What is the remainder when 98 is divided by a?
23
Let t = -5 - -23. Let j(i) = i**2 + 7*i - 1. Calculate the remainder when j(-8) is divided by 4/t - (-25)/9.
1
Suppose 0 = n - 2 - 2, f + n - 74 = 0. Let b(k) = 5*k**2 - k. Let q be b(-1). What is the remainder when f is divided by 186/8 - q/(-8)?
22
Let p(a) = -2*a - 3. What is the remainder when 37 is divided by p(-11)?
18
Let p = -74 + 115. Suppose 3*h - 7*h + 2*b = -94, -3*b - 9 = 0. What is the remainder when p is divided by h?
19
Let n(g) = 4*g**3 - 4*g**2 - 4*g + 6. Let o(j) = -11*j**3 + 13*j**2 + 13*j - 18. Let k(b) = -8*n(b) - 3*o(b). What is the remainder when k(8) is divided by 3?
2
Let l(m) = -2*m**2 + 35*m - 6. What is the remainder when 17 is divided by l(17)?
6
Let m = 0 + -1. Let s(h) = -13*h**3 + h**2 + h. What is the remainder when 37 is divided by s(m)?
11
Calculate the remainder when 14 is divided by ((-6)/(-9))/((-1)/(-3))*2.
2
Suppose -2*b - 3*b = v + 16, -2*b = 3*v - 4. Let d = 26 + b. Suppose 2*j - d = -0*j + i, 4*i = 5*j - 55. Calculate the remainder when j is divided by 4.
3
Let j be 18/(-4)*(-4)/3. Suppose 0 = -h + 11 + j. Let r = -118 - -167. Calculate the remainder when r is divided by h.
15
Suppose -l = -0*l + 3*s - 48, -5*s - 10 = 0. Calculate the remainder when l is divided by 14.
12
Let r = -7 - -9. Suppose -2*v = r*v - 4, -v - 12 = -w. What is the remainder when 25 is divided by w?
12
Let m(h) = -h**2 + 5*h + 1. Let v be m(4). Suppose z = v*z. Calculate the remainder when z - 2 - 25/(-1) is divided by 12.
11
Let h(s) = s**2 + 3*s**2 - 4*s + s**3 - 2 + 4*s - 2*s. What is the remainder when h(-3) is divided by 4?
1
Let i = 52 + -31. What is the remainder when i is divided by 11?
10
Let g(n) = n**2 - 4*n + 4. Let i be g(4). Suppose 18 - 2 = -4*o, i*j + 5*o - 28 = 0. Calculate the remainder when 35 is divided by j.
11
Let y = 13 + -6. Let k = y + -4. What is the remainder when 35 is divided by k/(-9) - 37/(-3)?
11
Let d = 2 + 3. Suppose 0*l + 3*u = 2*l - 5, 5*u + 20 = d*l. What is the remainder when l is divided by 4?
3
Suppose 5*n = -2*x - 1, 4*x - 8 = -3*n - 3. What is the remainder when -3 + x - (-55 - -1) is divided by 18?
17
Suppose 0 = -2*n + 2, -3*f + 2*n + 18 + 43 = 0. Let y = f + -2. What is the remainder when 35 is divided by y?
16
Let f = 245 + -167. Calculate the remainder when f is divided by 20.
18
Suppose 0 = 4*k + 5*i - 31, -k - k + 33 = -i. What is the remainder when 67 is divided by k?
11
Let c = -3 + 4. Suppose -b + c = -3*q - 23, q + 32 = 3*b. Suppose 3*j - b = 33. Calculate the remainder when j is divided by 8.
6
Suppose -3*o + 10 = 2*o, 3*q - 4*o - 88 = 0. Suppose 3*p - 35 = -c - c, -2*p + 24 = 2*c. What is the remainder when q is divided by p?
10
Let a = -5 - -41. Calculate the remainder when a is divided by 13.
10
Let o = 35 + 0. Let t = -23 + o. What is the remainder when t is divided by 7?
5
Suppose -758 = -5*d - m, -d - 6*m + 2*m = -144. Let i = d + -76. Suppose -q = -3*w - 2*q + i, 3*w - 5*q = 70. What is the remainder when w is divided by 9?
7
Let f = -7 - -11. What is the remainder when 15 is divided by f?
3
Let r = -132 - -157. Calculate the remainder when 123 is divided by r.
23
Let o(h) = h**2 + h + 6. What is the remainder when 23 is divided by o(3)?
5
Let o = 14 - 23. Calculate the remainder when ((-6)/o)/(1/15) is divided by 3.
1
Let a = -6 - -5. Suppose -2*v - 14 = -2*u - 52, -2*u + 116 = 5*v. What is the remainder when 63 + (-1 - -2 - a) is divided by v?
21
Suppose 0 = -7*q + 8*q - 13. What is the remainder when (-69)/(-9)*(3 - 0) is divided by q?
10
What is the remainder when 7 is divided by (0 + 3)*(-3 + 4)?
1
Let x(i) = 2*i**3 - 4*i**2 + 3*i. Calculate the remainder when (-106)/(-10) + 90/(-150) is divided by x(2).
4
Let n(u) = 24*u**2 - 2*u + 1. Let l be 4/10 - (-3)/5. What is the remainder when 91 is divided by n(l)?
22
Let c(a) = -a**3 - 5*a**2 - 4*a + 4. Let p be c(-4). Suppose 3*h - 8*h - z + 169 = 0, p*h - 140 = -2*z. Calculate the remainder when h is divided by 12.
9
Let z = 44 + 18. What is the remainder when z is divided by 13?
10
Let t(j) = j**3 - 5*j**2 + 5*j - 7. Calculate the remainder when 70 is divided by t(5).
16
Let p(v) = v**2 + 4. Let s be p(4). Let z = -8 + s. Let n(j) = -j**2 - j + 7. Calculate the remainder when z is divided by n(0).
5
Let q(k) = 15*k**2 + k - 1. Let c = -5 + 6. Calculate the remainder when 43 is divided by q(c).
13
Suppose 2*l = -2*l - 2*c + 292, -3*l + 3*c = -210. Suppose j = -2*j + 75. What is the remainder when l is divided by j?
22
Suppose -2*a + 2*u - 10 = -0*a, 3*a = -3*u - 39. Let l = 22 - a. Calculate the remainder when l is divided by 11.
9
Let k = 45 + -37. What is the remainder when 29 is divided by k?
5
Suppose -13*p + 210 = -700. Calculate the remainder when p is divided by 6.
4
Let v = 25 - -3. Let w(a) = a**3 + a**2 + 5. Let o be w(0). Let b = 20 - o. Calculate the remainder when v is divided by b.
13
Suppose 0 = -0*v - 2*v + 16. Suppose -41 = -5*i + 29. Calculate the remainder when i is divided by v.
6
Suppose 10*o + 2 = 502. What is the remainder when 99 is divided by o?
49
Suppose 5*a + 52 = 4*u - 0*u, -4*a = u + 8. Calculate the remainder when 21 is divided by u.
5
What is the remainder when 34 is divided by ((-48)/(-14))/(8/56)?
10
Let w = 17 + -10. Suppose -l + 0*a + a + 11 = 0, 5*a + 5 = 0. Calculate the remainder when l/(-1 + (-3)/(-2)) is divided by w.
6
Let v = -14 - -16. Calculate the remainder when 57/v*40/15 is divided by 11.
10
Suppose 0*w + 4*w - 16 = 0. What is the remainder when 14 is divided by w?
2
Let t(i) be the second derivative of -5*i**3/3 - 7*i**2/2 - 3*i. Suppose -5 + 29 = 3*h. Calculate the remainder when t(-3) is divided by h.
7
Let s(n) = n**2 - 3*n + 3. Let b be s(3). Let q(w) = 10*w - 3. Calculate the remainder when q(b) is divided by 10.
7
Let x be 4/10 - 676/(-10). Let l = -42 + x. Let m(q) = -q**3 - 2*q**2 - q + 2. Calculate the remainder when l is divided by m(-3).
12
Suppose -4 + 7 = p. Let n = 10 + 1. What is the remainder when n is divided by p?
2
Suppose 3*w - 19 = 35. Let k(b) = 4*b**2 + 2*b + 4. What is the remainder when k(-3) is divided by w?
16
Let h(s) 